 8902. What are the prime factors of p?
2, 23, 43
Let h = -11 + 77. Suppose 0 = 6*k - 4*k - h. What are the prime factors of k?
3, 11
Suppose -3*n - n + 764 = 0. Let l = n - -50. List the prime factors of l.
241
Let h(k) = -k**3 + 12*k**2 + 5*k + 8. Let l be h(12). Suppose 483 = -65*f + l*f. List the prime factors of f.
7, 23
Let o(k) = -6*k + 9*k**2 - 2*k**3 + 2*k**3 - k**3 + 0*k. Let u be o(8). Suppose -4*t - u = 0, t = -m + 2*t + 9. List the prime factors of m.
5
Suppose -3*v + 5*v - 12 = 0. Let i be ((-51)/v)/(2/4). Let h = i + 23. What are the prime factors of h?
2, 3
Let o(g) = g**3 + 8*g**2 - g - 3. Let c(f) = -f - 21. Let n be c(-13). List the prime factors of o(n).
5
Let x = 67 + -63. Let z(k) = -k - 1. Let g be z(-4). Suppose -5*b - 15 = -5, 0 = g*q + x*b - 4. List the prime factors of q.
2
Let w = -56 - -116. List the prime factors of w.
2, 3, 5
Let k(l) = -5*l**3 + 4*l**2 - 2*l - 8. Let d(r) = -14*r**3 + 12*r**2 - 6*r - 23. Let j(a) = -4*d(a) + 11*k(a). List the prime factors of j(6).
2, 11
Suppose p + 135 = 4*l - 3*l, 2*p - 675 = -5*l. What are the prime factors of l?
3, 5
Suppose -5*n + 10181 = -5359. List the prime factors of n.
2, 3, 7, 37
Suppose -4*p - 2*b = -62, 15 + 76 = 5*p - 2*b. Let t(j) = 16*j - 50. What are the prime factors of t(p)?
2, 3, 37
Let y(l) = 53*l - 424. What are the prime factors of y(45)?
37, 53
Let v(h) = 12*h**2 + 9*h + 8. Let n = 64 - 68. List the prime factors of v(n).
2, 41
Let l be (1 + -49)*4/(-12). Let p be -1*((-1 - l) + -2). Suppose u - p = 2*w, 4*u = -0*w + 3*w + 76. What are the prime factors of u?
19
Suppose -4*g - 10 = 54. What are the prime factors of g + 13 + 11*3?
2, 3, 5
Suppose -18 = g + 4*t, -5*g - 3*t = -10*g - 90. Let d = g - -14. List the prime factors of (-2)/(d/(-66)*-3).
11
Suppose 2*k - 16 = -2*y, 0 = 3*y - 9. Suppose o - 80 = -5*r, 2*r = k*r. What are the prime factors of o?
2, 5
Let u be (-1 - -2 - -11)*27/(-18). Let b = 24 - u. List the prime factors of b.
2, 3, 7
Suppose b + 2*x - 3 = 2, 2*x - 14 = 2*b. Let r(k) = -3*k**3 - 4*k**2 - 2*k - 10. List the prime factors of r(b).
41
Let f = -8 - -11. Let v be 1/(-2)*0*(-2)/(-4). Suppose f*b - 24 = -4*a, v*b + b - 2*a = 18. List the prime factors of b.
2, 3
Let w(f) = f + 4. Suppose -7*b = -0*b. Suppose b = 3*i - 4*t - 24, 2*i + 4*t - 3*t = 5. List the prime factors of w(i).
2
Suppose -3*w + 6*w = 5*y - 1279, 0 = -2*y + 2*w + 510. What are the prime factors of y?
257
Let b = 504 + 1641. What are the prime factors of b?
3, 5, 11, 13
Let d = 6 - 2. Suppose -d*z = -16, 4*z = 3*o - 0*z - 86. List the prime factors of o.
2, 17
Suppose 10182 = 5*s - 5*d - 11263, -4*s + 17126 = 2*d. What are the prime factors of s?
2, 3, 7, 17
Suppose -5*r - 2*c = -3*c - 9267, -4*r + 7422 = -5*c. List the prime factors of r.
17, 109
Suppose -t - 3*o = -14, -t - 3*t - 2*o = -26. Suppose z + 0 - t = 0. Suppose z*v = 10 + 55. What are the prime factors of v?
13
Let i(n) = -16*n + 10. Let z be i(-7). Suppose 2*h - z = -4*v + 124, -2*v = 5*h - 135. What are the prime factors of v?
2, 3, 5
List the prime factors of -3*2/(-3)*(-85064)/(-112).
7, 31
Let p(m) = 18*m. Suppose -4*y + 18 - 14 = 0. Let a be p(y). Suppose 41 = x - a. List the prime factors of x.
59
Let n(g) = -498*g - 1. List the prime factors of n(-1).
7, 71
Suppose 0 = -f + 23 - 6. Let u = 88 - f. What are the prime factors of u?
71
Let l be (18 - (-3 - 0)) + -1. Let f = l + 6. What are the prime factors of f?
2, 13
Let b = 4 + 0. Suppose -16 - 68 = -b*w. Let v = 45 - w. What are the prime factors of v?
2, 3
Suppose 3*y - 136 = u, -60 = y - 2*y + 4*u. Let h = 39 + -66. Let o = y + h. What are the prime factors of o?
17
Let d(l) = -40*l - 3*l - 13 - 46*l. What are the prime factors of d(-4)?
7
Let a = -904 - -1448. Let f = a + -339. What are the prime factors of f?
5, 41
What are the prime factors of (-25619)/(-34) + 9/(-6)?
2, 47
Suppose 419 = -7*g + 2064. What are the prime factors of g?
5, 47
Suppose 14*i - 6631 - 6445 = 0. What are the prime factors of i?
2, 467
Suppose -11*h + 960 = h. Let k = h - 64. What are the prime factors of k?
2
Let v = -32 + 160. What are the prime factors of (0 - -1)*(v - 7)?
11
Let f = 1617 - 580. What are the prime factors of f?
17, 61
Let t(l) = -l**2 + 3*l - 5. Let y be t(4). Let a be (312/y)/(-4)*-3. Let v = a + 48. List the prime factors of v.
2, 11
Let v(m) be the first derivative of m**4/4 + m**3/3 - m**2 + 54*m - 18. What are the prime factors of v(0)?
2, 3
What are the prime factors of (-26)/2*((-65)/(-13) - 66)?
13, 61
Let y be (-492 - 1*(4 + -7))/(-1). Suppose -18*w + 4191 + y = 0. What are the prime factors of w?
2, 5, 13
Let t be (-80)/(-24)*(2 - 2/4). Let n = -8 - -125. Suppose t*k + n = 8*k. What are the prime factors of k?
3, 13
Let p(y) = -y + 0*y - 4 - 2*y + y**2 - y. List the prime factors of p(-8).
2, 23
Suppose 0*f + 9 = -3*f. Let w be -27 + (f - (4 + -6)). Let n = 53 + w. What are the prime factors of n?
5
Let d(v) = 3*v + 1. Let h be d(1). Suppose h*c - 3*g = 7, -4*c = -0*g + 5*g + 33. List the prime factors of 1 - c/(-1) - -15.
2, 7
Let k = 1536 + -805. Let l = k - 508. Suppose -3*r - 22 = -l. What are the prime factors of r?
67
Let k(b) = b**2 - 19*b + 30. Suppose -24 = -4*y + 56. What are the prime factors of k(y)?
2, 5
Let a(p) = 3*p**2 - 40*p + 71. What are the prime factors of a(14)?
3, 11
Suppose 10*i + 4*q + 14080 = 14*i, 0 = 3*i + 4*q - 10588. List the prime factors of i.
2, 881
Suppose 5*z + 4625 = 4*s, 2*s + 5*z = 1385 + 920. List the prime factors of s.
3, 5, 7, 11
Suppose 6*b - 3*b + 540 = 5*s, -5*b - 308 = -3*s. List the prime factors of s.
3, 37
Suppose -u - p = -1515, -3*u + 4461 = 4*p - 80. What are the prime factors of u?
7, 31
List the prime factors of 219*(-2)/(-24)*124.
31, 73
Suppose 0 = 4*q - 5*h - 1169 + 248, -15 = 3*h. Let g = -13 - -18. Suppose 0 = -3*z - c + 3*c + 133, -g*z + q = -c. List the prime factors of z.
3, 5
Let n(a) = 4*a**3 - 10*a**2 + 11*a - 12. What are the prime factors of n(7)?
947
Let o be (-45)/6 - 4/8. What are the prime factors of (28 - 1) + 24/o?
2, 3
Suppose 5*u = -5*m + 685, 0*m + 542 = 4*u + 2*m. Suppose 5*r - u = 21. What are the prime factors of r?
31
Let s(h) = h**3 + 5*h**2 + 3*h + 8. Suppose 0 = -4*j + j - 12. What are the prime factors of s(j)?
2, 3
Let r be ((-8)/1 - (5 + -9)) + 38. Suppose -4*h = 2*d - 2 - r, -4*d + 3*h = -72. List the prime factors of d.
2, 3
Suppose 2*p = -5*r + 327, 318 = -4*p + 6*p + 2*r. Let w be (-132)/(6*4/p). List the prime factors of w/(-27) - (-8)/36.
2
Suppose 13 = i + 11. Suppose -4*a + 628 = -3*x + 41, -297 = -i*a + 5*x. List the prime factors of a.
2, 73
Let p be ((-15)/(-10))/(3/8). Let z = 8 - p. Suppose 0 = -3*v + 3, z*s - 2*v = v + 65. List the prime factors of s.
17
Suppose d + 158 = -377. List the prime factors of d/(-10)*(3 - 1).
107
Suppose 0 = -5*j + 4*v + 96, 3*j + 5*v = 6*v + 59. List the prime factors of (8/j)/((-4)/(-1820)).
2, 7, 13
Let y(k) = -k**3 + 4*k**2 - 7*k + 1. Let m be y(2). Let o(q) = -7*q + 2. Let a(t) = -14*t + 5. Let j(b) = 6*a(b) - 11*o(b). What are the prime factors of j(m)?
43
Let l = 20 + -15. Suppose 5 = -t - 2*j - 0*j, -l*t = 4*j + 1. Suppose 5*y = -t + 18. What are the prime factors of y?
3
Let g = 918 + -301. What are the prime factors of g?
617
Suppose -3*w + 1730 = 2*w. List the prime factors of w.
2, 173
Let l(r) = 18*r - 30. Let v be l(28). Suppose 3*x + v = 2*f - 2*x, -3*f + 685 = -x. What are the prime factors of f?
227
What are the prime factors of (106/(-6))/((-11)/297)?
3, 53
Let j be (-48)/1*8/12. Let o = j - -60. List the prime factors of o.
2, 7
Suppose 24*v = -12*v + 157860. List the prime factors of v.
5, 877
Let r(z) = -2*z - 55. Let v be r(-23). List the prime factors of (-14)/(v/(45/10)).
7
Suppose -c = -5*w + 77, 2*w + 2*c - 22 = 4. Suppose 12*y + 9 = w*y. What are the prime factors of 20/y*12/8?
2, 5
Let r(t) = 6*t - 1. Let j(d) = -5*d + 2. Let i(n) = -3*j(n) - 4*r(n). Let g be i(3). Let a = 15 - g. What are the prime factors of a?
2, 11
Suppose -3102 = -10*b - 1062. What are the prime factors of b?
2, 3, 17
Let v = -94 + 126. List the prime factors of (123/(-12))/(((-12)/v)/3).
2, 41
Let k(s) = s**2 - 11*s + 1. Let x(z) = -4*z**2 + 45*z - 5. Let w(m) = 9*k(m) + 2*x(m). What are the prime factors of w(1